base 11) to base 16
6cd
What is 23114 (base 6) in base 10?
3286
What is 10 (base 10) in base 16?
a
-233 (base 8) to base 5
-1110
What is -616 (base 16) in base 7?
-4354
What is 1284 (base 11) in base 9?
2250
-6680 (base 10) to base 11
-5023
What is 1021012122 (base 3) in base 11?
17811
What is -12d1 (base 16) in base 13?
-2267
3112323 (base 4) to base 10
13755
Convert -718 (base 15) to base 5.
-22343
What is 18f (base 16) in base 10?
399
-3840 (base 16) to base 8
-34100
What is -10120 (base 3) in base 5?
-341
-751 (base 9) to base 4
-21211
Convert -233 (base 4) to base 13.
-38
Convert 73 (base 12) to base 3.
10020
What is 5475 (base 10) in base 16?
1563
Convert -257 (base 10) to base 9.
-315
What is 22325 (base 7) in base 4?
1120112
What is 3546 (base 7) in base 10?
1308
-2b5 (base 15) to base 12
-438
What is -10799 (base 10) in base 3?
-112210222
11250 (base 7) to base 4
230331
What is -464 (base 15) in base 6?
-4334
What is -10780 (base 9) in base 16?
-1c20
Convert 33150 (base 6) to base 13.
2130
What is 212313 (base 5) in base 6?
53212
-2055 (base 7) to base 15
-336
What is 2a2b (base 14) in base 3?
101021022
312 (base 13) to base 2
1000001010
Convert -29779 (base 11) to base 16.
-a4d2
What is 43102 (base 7) in base 12?
6224
What is -172b (base 12) in base 11?
-209a
1111011111 (base 2) to base 15
461
Convert ba0 (base 13) to base 2.
11111000101
What is 120315 (base 6) in base 15?
3192
Convert 190c (base 13) to base 11.
2891
What is -2108 (base 14) in base 10?
-5692
Convert 899 (base 13) to base 5.
21403
-18951 (base 11) to base 8
-63502
7157 (base 8) to base 5
104240
Convert 618 (base 16) to base 7.
4356
Convert 171 (base 14) to base 8.
447
What is -3222 (base 11) in base 9?
-5752
Convert -10000110000 (base 2) to base 12.
-754
-157 (base 12) to base 11
-182
What is -1063 (base 7) in base 5?
-3023
-111200 (base 5) to base 8
-7525
Convert -330230 (base 4) to base 15.
-123e
What is 20442 (base 6) in base 16?
aca
4403021 (base 5) to base 4
102121322
3020100 (base 4) to base 7
52236
Convert 46a3 (base 13) to base 8.
23317
-8ba (base 15) to base 6
-13051
-7316 (base 8) to base 13
-1957
What is 4368 (base 9) in base 14?
1261
What is 1021210010 (base 3) in base 13?
b706
Convert -1e3 (base 16) to base 3.
-122220
Convert 8158 (base 9) to base 10.
5966
-13113 (base 4) to base 12
-333
What is -31236 (base 8) in base 2?
-11001010011110
-253 (base 14) to base 7
-1233
What is -1a852 (base 11) in base 7?
-150323
Convert -2202003 (base 4) to base 15.
-3116
Convert 23202103 (base 4) to base 5.
3003001
-16591 (base 11) to base 2
-101101100100100
What is -23560 (base 11) in base 13?
-125b3
Convert -ec (base 15) to base 8.
-336
Convert -101000011 (base 2) to base 16.
-143
-3041 (base 6) to base 16
-2a1
What is -17b9 (base 16) in base 3?
-22022221
100000100 (base 2) to base 16
104
Convert 1a5 (base 14) to base 6.
1325
What is -9a9 (base 15) in base 10?
-2184
Convert 212001 (base 3) to base 5.
4442
Convert 1014 (base 7) to base 12.
256
Convert -2485 (base 9) to base 5.
-24414
-3331 (base 4) to base 10
-253
2004 (base 9) to base 8
2666
What is -210022 (base 3) in base 10?
-575
What is 2bd9 (base 14) in base 11?
5983
-1071 (base 10) to base 15
-4b6
-3220000 (base 4) to base 5
-433343
Convert 110 (base 14) to base 7.
420
-19306 (base 10) to base 8
-45552
Convert 9181 (base 11) to base 14.
4629
Convert -68b8 (base 13) to base 5.
-432220
What is 153 (base 9) in base 13?
9c
Convert 222110 (base 3) to base 16.
2ca
-1350 (base 7) to base 12
-379
What is -12909 (base 15) in base 4?
-32200101
What is 2221301 (base 4) in base 3?
112220102
What is 130303 (base 4) in base 5?
24333
What is -5a4 (base 12) in base 6?
-3524
Convert -2c47 (base 13) to base 6.
-50001
ba9e (base 16) to base 5
3012044
1310 (base 15) to base 9
5516
What is 442a (base 16) in base 2?
100010000101010
Convert -1023413 (base 5) to base 12.
-a066
What is -5181 (base 9) in base 3?
-12012201
What is -2011101112 (base 3) in base 11?
-29a87
Convert -8a7 (base 16) to base 4.
-202213
What is 26cb (base 16) in base 13?
469c
What is 370a (base 11) in base 9?
6578
Convert -235024 (base 6) to base 4.
-11000320
What is -11006 (base 8) in base 7?
-16311
Convert 13065 (base 8) to base 16.
1635
Convert 11527 (base 8) to base 4.
1031113
312131 (base 4) to base 10
3485
What is 19442 (base 11) in base 12?
13866
What is -286 (base 10) in base 14?
-166
What is 110100 (base 3) in base 5?
2313
What is 10100202 (base 3) in base 11?
1928
Convert -202 (base 10) to base 2.
-11001010
Convert -10201110 (base 3) to base 11.
-2046
-13101 (base 4) to base 11
-393
What is -524 (base 6) in base 15?
-d1
Convert 65391 (base 10) to base 7.
361434
Convert 100220 (base 3) to base 15.
12c
What is 17300 (base 9) in base 10?
11907
-10100000110011011 (base 2) to base 3
-11011221022
589 (base 10) to base 11
496
7825 (base 13) to base 11
11659
Convert -10000100011 (base 2) to base 15.
-4a9
What is -25222 (base 7) in base 14?
-25b9
-3322 (base 4) to base 13
-163
Convert 1001001110111 (base 2) to base 5.
122402
324423 (base 6) to base 15
7eb3
c0 (base 13) to base 8
234
What is -869 (base 12) in base 15?
-573
What is -bb82 (base 13) in base 12?
-13158
What is -112210101 (base 3) in base 14?
-3d03
450 (base 6) to base 8
256
100011 (base 3) to base 9
304
What is -115 (base 16) in base 4?
-10111
What is -5203 (base 14) in base 9?
-21323
1002112 (base 3) to base 2
1100011101
What is -872 (base 9) in base 15?
-328
902 (base 13) to base 5
22043
-2415 (base 11) to base 15
-e0c
b2a (base 16) to base 13
13bb
2635 (base 13) to base 10
5452
Convert -297 (base 11) to base 6.
-1340
What is -66c1 (base 13) in base 9?
-21617
Convert 3374 (base 8) to base 5.
24123
What is c5e (base 16) in base 12?
19ba
Convert -4232 (base 7) to base 12.
-a45
1413 (base 13) to base 15
cc9
What is -4d70 (base 16) in base 15?
-5d19
7328 (base 9) to base 15
18d2
What is -894 (base 14) in base 15?
-783
Convert -11201111 (base 3) to base 5.
-102232
What is 13e2e (base 16) in base 15?
19204
What is 2214 (base 6) in base 10?
514
93 (base 10) to base 9
113
Convert -100130 (base 4) to base 10.
-1052
Convert -6054 (base 8) to base 10.
-3116
What is -c6d (base 16) in base 2?
-110001101101
3ab0 (base 14) to base 13
492b
Convert -33033223 (base 4) to base 7.
-350023
Convert -2110222 (base 3) to base 13.
-a91
-526 (base 7) to base 3
-100211
-530330 (base 6) to base 15
-ca99
What is -2669 (base 13) in base 6?
-41235
What is 111001011 (base 2) in base 10?
459
132d (base 16) to base 14
1b09
Convert 120133 (base 5) to base 4.
1011002
Convert 13241 (base 8) to base 12.
3429
What is 20b (base 13) in base 4?
11131
Convert -1400 (base 7) to base 16.
-21b
464 (base 14) to base 2
1101101000
17640 (base 8) to base 14
2d44
-27068 (base 9) to base 16
-476f
Convert -10232 (base 6) to base 8.
-2554
Convert 2221 (base 4) to base 13.
100
Convert 968 (base 10) to base 12.
688
Convert 2121020221 (base 3) to base 5.
3114332
Convert -721 (base 14) to base 9.
-1826
Convert 232045 (base 6) to base 14.
7377
Convert 444 (base 6) to base 5.
1142
Convert -110011000111111 (base 2) to base 4.
-12120333
What is 90 (base 13) in base 8?
165
What is -65b4 (base 12) in base 8?
-25730
Convert -18572 (base 11) to base 2.
-110010101110101
1183 (base 10) to base 7
3310
-2355 (base 6) to base 4
-20333
Convert -6741 (base 12) to base 3.
-120200011
54407 (base 9) to base 15
aa37
Convert -11011110221 (base 3) to base 16.
-1404d
1905 (base 12) to base 13
14c0
10032200 (base 4) to base 12
a028
1305 (base 12) to base 14
b09
c97 (base 16) to base 4
302113
What is -7752 (base 14) in base 10?
-20652
What is 1222121000 (base 3) in base 7?
221622
What is 3002 (base 5) in base 2?
101111001
-1012010110 (base 3) to base 9
-35113
What is 1a98 (base 14) in base 5?
123323
What is -24450 (base 11) in base 12?
-18409
Convert 2c73 (base 14) to base 7.
32103
36e9 (base 16) to base 12
8175
What is -521 (base 14) in base 6?
-4401
What is -794 (base 10) in base 16?
-31a
What is -87c3 (base 13) in base 2?
-100100111100110
What is 111110 (base 3) in base 4?
11223
What is -1022002222 (base 3) in base 14?
-9483
Convert -2414012 (base 5) to base 13.
-17576
Convert -1011110111 (base 2) to base 9.
-1033
Convert -544 (base 6) to base 8.
-320
6920 (base 13) to base